when 643 is divided by 19?
16
What is the remainder when 299 is divided by 106?
87
What is the remainder when 174 is divided by 132?
42
What is the remainder when 207 is divided by 138?
69
Calculate the remainder when 146 is divided by 74.
72
What is the remainder when 201 is divided by 50?
1
What is the remainder when 3821 is divided by 39?
38
What is the remainder when 1005 is divided by 202?
197
What is the remainder when 6775 is divided by 16?
7
Calculate the remainder when 271 is divided by 40.
31
What is the remainder when 1271 is divided by 408?
47
What is the remainder when 4417 is divided by 201?
196
What is the remainder when 110 is divided by 80?
30
Calculate the remainder when 139 is divided by 36.
31
Calculate the remainder when 875 is divided by 98.
91
Calculate the remainder when 93 is divided by 8.
5
What is the remainder when 154 is divided by 47?
13
Calculate the remainder when 115 is divided by 2.
1
What is the remainder when 668 is divided by 15?
8
Calculate the remainder when 206 is divided by 23.
22
What is the remainder when 1274 is divided by 203?
56
Calculate the remainder when 365 is divided by 37.
32
What is the remainder when 4732 is divided by 1577?
1
What is the remainder when 1124 is divided by 303?
215
Calculate the remainder when 911 is divided by 235.
206
Calculate the remainder when 624 is divided by 79.
71
What is the remainder when 3361 is divided by 19?
17
What is the remainder when 392 is divided by 40?
32
Calculate the remainder when 527 is divided by 85.
17
What is the remainder when 945 is divided by 28?
21
What is the remainder when 315 is divided by 23?
16
What is the remainder when 773 is divided by 25?
23
Calculate the remainder when 4345 is divided by 9.
7
What is the remainder when 80 is divided by 59?
21
What is the remainder when 71 is divided by 38?
33
Calculate the remainder when 37 is divided by 25.
12
Calculate the remainder when 125 is divided by 51.
23
Calculate the remainder when 1668 is divided by 833.
2
What is the remainder when 2278 is divided by 3?
1
Calculate the remainder when 2318 is divided by 11.
8
Calculate the remainder when 1571 is divided by 100.
71
Calculate the remainder when 8510 is divided by 152.
150
What is the remainder when 282 is divided by 72?
66
What is the remainder when 38 is divided by 1?
0
Calculate the remainder when 45 is divided by 35.
10
Calculate the remainder when 68 is divided by 12.
8
What is the remainder when 2473 is divided by 15?
13
Calculate the remainder when 6127 is divided by 14.
9
Calculate the remainder when 154 is divided by 39.
37
What is the remainder when 1086 is divided by 80?
46
What is the remainder when 255 is divided by 64?
63
What is the remainder when 172 is divided by 161?
11
Calculate the remainder when 349 is divided by 178.
171
Calculate the remainder when 1016 is divided by 94.
76
What is the remainder when 219 is divided by 55?
54
What is the remainder when 128 is divided by 43?
42
What is the remainder when 217 is divided by 112?
105
What is the remainder when 851 is divided by 168?
11
What is the remainder when 418 is divided by 48?
34
What is the remainder when 531 is divided by 34?
21
What is the remainder when 508 is divided by 246?
16
What is the remainder when 958 is divided by 455?
48
What is the remainder when 157 is divided by 10?
7
Calculate the remainder when 129 is divided by 10.
9
Calculate the remainder when 1078 is divided by 60.
58
What is the remainder when 309 is divided by 80?
69
What is the remainder when 124 is divided by 62?
0
What is the remainder when 184 is divided by 6?
4
What is the remainder when 383 is divided by 339?
44
What is the remainder when 340 is divided by 18?
16
Calculate the remainder when 417 is divided by 30.
27
Calculate the remainder when 1835 is divided by 36.
35
What is the remainder when 317 is divided by 46?
41
Calculate the remainder when 100 is divided by 47.
6
Calculate the remainder when 158 is divided by 13.
2
Calculate the remainder when 74 is divided by 49.
25
What is the remainder when 89 is divided by 4?
1
What is the remainder when 166 is divided by 33?
1
What is the remainder when 487 is divided by 25?
12
What is the remainder when 2071 is divided by 259?
258
What is the remainder when 4999 is divided by 250?
249
What is the remainder when 1165 is divided by 30?
25
What is the remainder when 120 is divided by 28?
8
Calculate the remainder when 1025 is divided by 504.
17
What is the remainder when 74 is divided by 74?
0
Calculate the remainder when 8963 is divided by 54.
53
Calculate the remainder when 1419 is divided by 49.
47
Calculate the remainder when 169 is divided by 113.
56
What is the remainder when 181 is divided by 19?
10
Calculate the remainder when 448 is divided by 129.
61
Calculate the remainder when 152 is divided by 33.
20
Calculate the remainder when 694 is divided by 70.
64
Calculate the remainder when 188 is divided by 38.
36
Calculate the remainder when 378 is divided by 166.
46
What is the remainder when 421 is divided by 26?
5
Calculate the remainder when 640 is divided by 27.
19
What is the remainder when 1136 is divided by 127?
120
What is the remainder when 1629 is divided by 96?
93
What is the remainder when 2007 is divided by 183?
177
Calculate the remainder when 171 is divided by 59.
53
What is the remainder when 18 is divided by 17?
1
Calculate the remainder when 2611 is divided by 34.
27
What is the remainder when 191 is divided by 39?
35
Calculate the remainder when 462 is divided by 80.
62
Calculate the remainder when 213 is divided by 43.
41
What is the remainder when 1839 is divided by 155?
134
What is the remainder when 4838 is divided by 121?
119
Calculate the remainder when 3013 is divided by 58.
55
What is the remainder when 1004 is divided by 37?
5
What is the remainder when 3880 is divided by 1293?
1
Calculate the remainder when 4287 is divided by 16.
15
What is the remainder when 14359 is divided by 228?
223
What is the remainder when 502 is divided by 86?
72
Calculate the remainder when 2325 is divided by 17.
13
Calculate the remainder when 1527 is divided by 508.
3
Calculate the remainder when 138 is divided by 62.
14
Calculate the remainder when 33 is divided by 12.
9
What is the remainder when 135 is divided by 4?
3
What is the remainder when 227 is divided by 50?
27
What is the remainder when 7606 is divided by 24?
22
Calculate the remainder when 289 is divided by 36.
1
What is the remainder when 477 is divided by 59?
5
What is the remainder when 84 is divided by 37?
10
Calculate the remainder when 191 is divided by 61.
8
Calculate the remainder when 31 is divided by 5.
1
What is the remainder when 494 is divided by 20?
14
Calculate the remainder when 839 is divided by 56.
55
What is the remainder when 326 is divided by 72?
38
Calculate the remainder when 270 is divided by 46.
40
Calculate the remainder when 391 is divided by 18.
13
Calculate the remainder when 9924 is divided by 34.
30
What is the remainder when 7214 is divided by 164?
162
What is the remainder when 1257 is divided by 14?
11
What is the remainder when 21792 is divided by 31?
30
Calculate the remainder when 5842 is divided by 12.
10
Calculate the remainder when 1101 is divided by 58.
57
Calculate the remainder when 273 is divided by 71.
60
Calculate the remainder when 41997 is divided by 300.
297
What is the remainder when 188 is divided by 24?
20
What is the remainder when 136 is divided by 28?
24
What is the remainder when 283 is divided by 91?
10
Calculate the remainder when 8255 is divided by 28.
23
What is the remainder when 73 is divided by 38?
35
Calculate the remainder when 146 is divided by 15.
11
What is the remainder when 3429 is divided by 101?
96
Calculate the remainder when 8091 is divided by 46.
41
Calculate the remainder when 626 is divided by 70.
66
What is the remainder when 78 is divided by 42?
36
What is the remainder when 1874 is divided by 75?
74
Calculate the remainder when 700 is divided by 176.
172
Calculate the remainder when 213 is divided by 176.
37
Calculate the remainder when 1036 is divided by 75.
61
What is the remainder when 375 is divided by 76?
71
Calculate the remainder when 20 is divided by 9.
2
What is the remai